 -4*j - 0*j + 41, 2*j = 4*n + 28. Let k = j + 6. What is the tens digit of k?
1
Suppose 4*n - 476 = 252. What is the hundreds digit of n?
1
Suppose z - 2 = -z. What is the units digit of z?
1
Let u(g) = 52*g. Let v be u(2). Suppose 2*k + 2*k - v = 0. What is the tens digit of k?
2
Let s(o) = o**2 + 15*o - 3. Let y be s(-15). Let p(g) = g**2 + 2*g + 5. What is the units digit of p(y)?
8
Let t = -24 - -48. Let y = -2 + t. What is the tens digit of y?
2
Let c = 12 - 7. Suppose 6*l + 2*f = 3*l + c, 2*l + 5*f = -15. Suppose 5*z = l*m - 55, -4*m - 3*z = m - 47. What is the tens digit of m?
1
Suppose 0 = -0*y + 3*y + 3*s - 54, 5*y = 2*s + 90. What is the tens digit of y?
1
Let i(b) = b**2 - 9*b + 3. Let z be i(8). Let u = 20 + z. What is the units digit of u?
5
Let t be 0/(-1) - (3 - 4). Let g be 2*(t/1 + 1). Suppose -g*m = d - 32, 4*m + 7 - 19 = 4*d. What is the units digit of m?
7
Suppose 3*p - 2*d = 49, p + 0*d - 21 = 3*d. What is the units digit of p?
5
Let i(s) = s + 25. What is the tens digit of i(-4)?
2
Suppose -5*j = 2 - 12. Suppose -2*k - 3 = 3*z - 10, 0 = -j*k - 4*z + 6. Suppose k*q - 52 = 3*s, -16 = 2*q - 6*q - 4*s. What is the units digit of q?
8
Let m(g) = g**3 - 2*g**2 - 5*g + 3. Let h be m(3). Let p = 6 + h. What is the units digit of p?
3
Suppose 18 = -4*s - g + 3*g, 2*g + 6 = 0. Let h be ((-2)/4)/((-1)/s). Let u(n) = -3*n - 2. What is the units digit of u(h)?
7
Let m(j) = -j**3 + 6*j**2 + 3*j + 4. What is the units digit of m(6)?
2
Suppose 27 = u - 3*d, 0 = 2*u - 4*u - 2*d + 78. Let r(a) = 4*a - 1. Let y be r(1). Suppose i - 2 - y = 0, u = f + 4*i. What is the tens digit of f?
1
Let u be 1371/21 - 4/14. Suppose -p - 4*p = -u. What is the tens digit of p?
1
Suppose 2*s - z - 94 = 0, 0*s + 205 = 5*s + 5*z. What is the units digit of s?
5
Let k = -17 + 35. What is the units digit of k?
8
Let t be -1 - (2/(-2) - -1). Let n = t + 3. What is the units digit of n?
2
Let i(t) = -2*t - 5. Let o(n) = 2*n + 5. Let u(r) = 4*i(r) + 3*o(r). What is the tens digit of u(-10)?
1
Let z(x) be the third derivative of 0*x + 1/15*x**5 + 7/6*x**3 - 1/4*x**4 + x**2 + 0 + 1/120*x**6. What is the tens digit of z(-5)?
1
Let j(s) = 2*s**2 - 2*s - 11. Let b be j(-5). Suppose -3*l + 5*g + b = 0, -2*l + 5*g + 13 = -l. What is the units digit of l?
8
Let b be -2*3/3 - -18. Suppose -8 - b = -4*d. What is the units digit of d?
6
Let h be 0 - (6 - (-4)/2). Let r = 5 + h. Let t(q) = -q**2 - 5*q - 3. What is the units digit of t(r)?
3
Let x be (1/2)/(-1)*16. What is the tens digit of (1/2)/(x/(-272))?
1
Let u = 68 - 35. Let z = 3 + u. What is the tens digit of z?
3
Suppose -3*c - 5 = h, -h + 4*c + 5 = -4. Let j be (3 - h) + -8 - -2. Let g = 11 - j. What is the tens digit of g?
1
What is the units digit of ((-4)/14*18)/((-8)/84)?
4
Let r(k) = -k**3 - 3*k**2 + k + 3. Let w be r(-3). Suppose -6*c + c + 25 = w. Let n = c + -3. What is the units digit of n?
2
Suppose 2*d = -6 + 14. Let i be (-6)/3 - (4 - 85). Suppose o + f = -o + 39, 0 = d*o + f - i. What is the tens digit of o?
2
What is the units digit of (7 + -4)*8/6?
4
Let j = 4 + 0. Suppose 4*h + 18 = -2*z + 4*z, 0 = -z - j*h - 3. What is the units digit of z?
5
Suppose 0 = -0*m + m - 2. Let n be m/(-6)*(-5 - 10). What is the units digit of (-77)/(-4) + n/(-20)?
9
Suppose -9*h = -6*h - 210. What is the tens digit of h?
7
Let d(v) = -v**2 + 8*v - 7. Let q be d(6). Suppose -q*u = -2*b + 11, -3*b + 3*u = -0*u - 12. What is the units digit of b?
3
Let i(y) = 14*y**2 - y + 2. Let b = 10 + -8. What is the tens digit of i(b)?
5
Let p = 116 - 2. What is the units digit of p?
4
Suppose p + 1541 = 24*p. What is the units digit of p?
7
Let f be (9 + 0)*(-4)/(-12). Suppose -7 + 1 = -f*y. Suppose -y*k + k + 11 = 0. What is the tens digit of k?
1
Let v be 2/(-3) + 40/6. Suppose -2*a = -4*a + v. Suppose -p - 4*b + a = -b, -3*p = -b - 19. What is the units digit of p?
6
Let s(a) = -2*a + 4. Let y(n) = n - 2. Let v(u) = 3*s(u) + 5*y(u). What is the units digit of v(-7)?
9
Let v be 12 + 4/(2/(-1)). Let j = v + -7. Let r = -2 + j. What is the units digit of r?
1
What is the tens digit of 84*(2 + 6/(-4))?
4
Suppose -l - 39 = -5*z + 22, -5*z + 5*l + 65 = 0. Suppose 2*f + 2*f = z. Suppose -g + f = -0. What is the units digit of g?
3
Let q(c) = c**3 - 3*c**2 + 3*c - 2. Let s be q(2). Let d(i) = i + 19. Let o be d(s). Let k = -10 + o. What is the units digit of k?
9
Suppose -4*i + 3*i = -48. What is the tens digit of i?
4
Let j be 1*10/4*2. Let m = 7 - j. Suppose 0 = -m*w - 2*w + 28. What is the units digit of w?
7
Suppose -3*n - d = -11, 4*d = -0*n + 3*n + 14. Let l(q) = q**n + 3*q**3 - 6*q**2 + 3*q**2 - q**3 + q. What is the tens digit of l(2)?
1
Let w(x) = -x**2 - 6*x - 1. Let j be w(-5). Let k = j + -3. What is the units digit of (-18)/4*(-1 - k)?
9
Let a be (-3 + (2 - -1))/(-1). Suppose -z - 3 = -3*x - 0, -2*z + x - 6 = a. What is the tens digit of (-3)/(-9) + (-53)/z?
1
Let k(v) = 2*v**2 - 13*v. What is the units digit of k(9)?
5
Let q be (-1)/(-1)*1 - -1. Suppose -q*r + 7 = 3. Suppose c = -r*c + 24. What is the units digit of c?
8
Let s(r) = 18*r. Let l be s(-1). Suppose -q = 7 + 4. Let o = q - l. What is the units digit of o?
7
Let d(r) = 5*r**2 + 2*r**2 - 1 - r**2 - r - 3*r**2. What is the tens digit of d(-3)?
2
Let v = -7 - 11. Let z = v - -45. What is the tens digit of z?
2
Suppose 10 = 5*b - 0*r + 3*r, -6 = -3*b - 5*r. Suppose -4*k = b*c - 118, 2*c = -2 + 12. What is the tens digit of k?
2
Let j(g) = -7*g - 2. Suppose -3*r = -t + 12, -6 = -5*r + 5*t - 36. Let w be j(r). Let n = -13 + w. What is the units digit of n?
6
Let j = -54 - -109. What is the tens digit of j?
5
Let k(d) = -d - 35. Let m be k(0). What is the units digit of 4/(-22) - m/11?
3
Let o = 23 - -6. What is the tens digit of o?
2
Let r = 10 + -10. Let f(n) = n**3 + n**2 + n + 7. Let k be f(r). Let l(t) = t + 7. What is the tens digit of l(k)?
1
Suppose 4*n + f = 5*f, 0 = -4*n + f + 12. Suppose -3*k + 2 = -i, n*i = -i + 2*k + 16. What is the units digit of i?
4
Suppose -2*s = c + c - 18, 2*s = 4*c - 12. Suppose -o - 171 = -c*w + 3*o, -4*o + 139 = 5*w. What is the units digit of w?
1
Let z be 15/6 + (-3)/(-6). Let w(r) = r**2 - 3*r + 3. What is the units digit of w(z)?
3
Suppose 3*j - 108 = -3*q, 2*j = -3*j + 4*q + 180. What is the units digit of j?
6
Let k = -3 - -3. Suppose k = -u - d + 2, -4*u + 3 = -d + 4*d. What is the units digit of 4/u*63/(-6)?
4
Suppose 10*z = -z + 682. What is the units digit of z?
2
Let d(o) = -o**2 - 12*o - 13. Let u be d(-10). Let l be 2/7 + 54/u. Suppose -3*s + l*s = 5. What is the units digit of s?
1
Let t be (-10)/25*5/1. Let s = 1 - t. Suppose s*p = -9, -4*p = -4*a - 17 + 57. What is the units digit of a?
7
Let i = 14 + -13. What is the tens digit of 13/(-2)*(-1 - i)?
1
Suppose 58 + 9 = 4*j + r, 4*r = 2*j - 56. Let z = j + 4. What is the units digit of z?
2
Let a = 29 + -11. Let u be 8/36 + 68/a. Suppose -u*f - 1 = -5. What is the units digit of f?
1
Let o = -497 - -725. What is the tens digit of o?
2
Let t(n) = n. Let u be t(8). Let f(q) = -q + 11. Let h be f(u). What is the units digit of (-12)/(-2) + h + -1?
8
Let h be -1*(0/3 - 0). Let r be (h + 3)*(0 - -1). Suppose 7 + 18 = 5*j, -2*p + r*j - 3 = 0. What is the units digit of p?
6
Let r = 124 - 40. What is the units digit of r?
4
Let g(s) = -s**3 + s - 1. Let j be g(0). What is the units digit of (-1)/((3 - 2)/j)?
1
What is the units digit of -6*5/(-9)*(-42)/(-5)?
8
Suppose 0 = 33*g - 42*g + 315. What is the tens digit of g?
3
Let o(f) be the first derivative of f**4/4 + 4*f**3/3 + 2*f**2 + 4*f + 4. What is the units digit of o(-3)?
1
Let c be 1 + -2 + 1 + 2. Let f be c + 2 + 2/(-1). Let z = 4 - f. What is the units digit of z?
2
Let h(b) = b**3 - 2*b + 1. What is the tens digit of h(3)?
2
Suppose -8*l + 10 = -3*l. Suppose -l*k + 6 = 14. Let q = k + 13. What is the units digit of q?
9
What is the units digit of -2*(-5)/((-50)/(-115))?
3
Suppose 7 = 3*v - 8. Suppose 0 = -v*h - 0 + 5. What is the units digit of (3 - 5)*-1 + h?
3
Let r = -7 - -8. What is the units digit of (-10)/(r/(4/(-8)))?
5
Suppose -4*a + 10 = -2. Suppose b - a = 8. What is the units digit of b?
1
What is the units digit of (24/9)/(-8)*(1 - 682)?
7
Let p(m) = 3*m + 1. Let z be p(3). Let h be (-14)/z - 4/(-10). 